 + 64 = k. Is k composite?
False
Is 1/(-5) + ((-645744)/20)/(-6) prime?
True
Let h = 2515 + 3184. Is h a composite number?
True
Let d = -13268 + 22033. Is d prime?
False
Let y(l) = 11*l**3 + 4*l**2 - 26. Is y(7) a prime number?
True
Let q = -143 - -31. Let v = -143 + q. Let i = v - -404. Is i a composite number?
False
Suppose -36753 = -4*k + 3*b + 33620, k = -2*b + 17607. Is k prime?
True
Let y be (6/(-3))/(-2) - -742. Let i = y + -90. Is i a prime number?
True
Let f(l) = 1 - l + 1 + 10*l**2 - l - 4. Let q be f(8). Suppose -4*r - q = -5*r. Is r a composite number?
True
Suppose -167 - 123 = -u. Let c = -64 + u. Is c composite?
True
Suppose x - 6916 = -3*z, 34570 = 18*x - 13*x + 5*z. Is x a prime number?
False
Let a(h) = h + 6. Let n be a(-6). Suppose n = -d + 3*t + 205, 6*d - 3*d - 2*t = 615. Is d composite?
True
Let t = 15 - 15. Suppose t = 6*o - 3*o. Is o + -2 - 3429/(-3) a prime number?
False
Suppose -18 = s + 5*k, -11*s = -8*s + 2*k + 28. Let p(q) = -2*q**3 + 3*q**3 + 14*q**2 + 11*q - 3 + 0*q**3. Is p(s) prime?
True
Suppose -277*b - 150101 = -284*b. Is b prime?
False
Let u be (-18)/(-7) + (-32)/56. Suppose 6164 = 4*v + 2*f, 2*v - 3*v - u*f = -1544. Let k = v + -437. Is k prime?
True
Let b(j) = 9*j**2 + 3*j - 7. Let q(d) = d**3 + 6*d**2 - 6*d. Suppose 0 = -5*i + 3*o + 15 - 53, 0 = 2*i + o + 13. Let n be q(i). Is b(n) composite?
True
Let a = -27 + 1172. Is a a prime number?
False
Suppose 2*h + 278 = 3*l - 5*l, -l + 2*h - 130 = 0. Let o = l - -2493. Is o a composite number?
False
Let f(y) = 17*y**3 - 2*y**2 + 3*y - 3. Suppose 3*o - c - 1 = 0, 4*o + 21 = 2*o + 5*c. Is f(o) composite?
False
Suppose -9*u = -14*u - 2910. Let l = -185 - u. Is l a prime number?
True
Suppose 4*d = -3*g + 9582, -g + 3*d = -4958 + 1764. Is g prime?
False
Let i be (1*9/(-4))/(6/(-32)). Let r(k) = k**3 - 9*k**2 - 17*k - 7. Is r(i) a prime number?
False
Let v(h) = 1482*h - 5. Suppose 6 - 4 = -3*i + 5*o, 2*i = 3*o - 1. Is v(i) prime?
False
Suppose 195*q - 194*q + 5*c - 2 = 0, 4*q = -c - 11. Let u(y) = -2*y**3 + 3 + 0 - 2. Is u(q) composite?
True
Let q(i) = 16*i**2 + 8*i - 325. Is q(24) a prime number?
False
Suppose -2*d = 3*d. Suppose 4*n - 5*t = 14161, d*n + 5*n = -t + 17723. Is n/40 - 4/(-10) prime?
True
Let c = -1118 - -1609. Is c prime?
True
Suppose -3*i + 21 = 3*d - 0*d, -5*d = i - 55. Suppose -d*z + 3126 = -10*z. Is z prime?
False
Is (168 + -1)*89/1 a composite number?
True
Let z be 1 + 2 + 0/1. Suppose z*n + 409 = 4*n. Is n a prime number?
True
Suppose 60604 = 8*b - 156828. Is b prime?
True
Suppose 15205 = 2*c - 12093. Is c a composite number?
False
Suppose -48*g + 1582909 = -29*g. Is g a composite number?
False
Is 430/(-90) - -5 - 357109/(-9) a prime number?
True
Is (-251441475)/(-1105) + (-4)/(-26) composite?
True
Suppose 414 = 5*w - 2*w + 4*t, -5*t - 725 = -5*w. Suppose -171 = 4*r - 5*b, 0 = 3*r - b - 0*b + w. Let x = -30 - r. Is x a composite number?
False
Let c(w) = 9*w**2 - 9*w + 15. Is c(-7) prime?
False
Let d = 21 + -18. Suppose 0 = d*b - 2140 - 5387. Is b prime?
False
Let h = 57 - 55. Is (-201 + h)*-1 - 76/(-19) a prime number?
False
Let m(l) = 15 - l + 3*l + 10. Is m(12) a composite number?
True
Suppose r = 3*q + 4*r - 48, q + 4*r = 31. Let c = q + -13. Let s(o) = -19*o - 3. Is s(c) prime?
False
Let r = -37 + 36. Is 3225/9 - r - (-3)/(-9) prime?
True
Let p = 30212 - -21891. Is p prime?
True
Let t(o) = -2*o**3 - 5*o**2 + 10*o - 5. Is t(-6) composite?
True
Suppose b + 26 = -5*f, -2*f = b - 0*f + 11. Is b*(-1551)/(1 - -2) prime?
False
Suppose -5*r = -3*m + 29, 2*m + 4*r = 6*m - 28. Suppose -2*a + m*z = 4*z - 3, a - 2*z - 9 = 0. Let h = a - -4. Is h a composite number?
False
Let u = 3379 + -1580. Is u a composite number?
True
Let w(p) = 8483*p**2 + 29*p + 29. Is w(-1) prime?
False
Let w = -20 + 122. Let y(n) = -n**3 + 11*n**2 - 9*n + 5. Let d be y(10). Suppose -d + w = j. Is j a composite number?
True
Suppose -4*r + 4*n + 1768 = -0*r, -r = -2*n - 447. Is r composite?
True
Let q(l) = l**3 + 32*l**2 + 14*l - 63. Is q(-30) a composite number?
True
Suppose 14*y - 3*y = 22. Suppose -3*s = y*t - 463 - 296, -768 = -3*s - 5*t. Is s a prime number?
True
Let g = 83 + 180. Suppose -n + 7 = -z - 120, 0 = -n - z + 133. Suppose y + k - g = -y, -k - n = -y. Is y a prime number?
True
Let k(u) = u**3 - 17*u**2 + 15*u + 16. Let b be k(16). Suppose -4*d + f + 36 = b, -f + 5*f = -2*d. Is (-2)/2 + (d - -30) a prime number?
True
Let f(k) = 5*k**2 - 7*k + 17. Let z be (2/(-5))/((-4)/(-100)). Is f(z) a composite number?
False
Suppose 14*q = -22*q + 37332. Is q prime?
False
Let l(x) be the second derivative of -3*x**5/20 - x**4/2 + 7*x**3/6 + x**2/2 + 10*x. Is l(-5) a prime number?
True
Is (22/88 - (-39)/20)*635 a prime number?
False
Let z(d) = -d + 5. Suppose -3*b = -5 - 1. Suppose 5 = -b*o + 2*n - 9, -4*o - 2*n = 22. Is z(o) a composite number?
False
Suppose -3 = 5*f - 28. Suppose -2*x - x + 70 = t, -407 = -f*t + 4*x. Is t prime?
True
Suppose u = -u + 26. Let z = u - 13. Is 6/3 + z + 155 composite?
False
Suppose -a + 23626 = 5*q + 2356, 106320 = 5*a - 5*q. Is a a composite number?
True
Let h = -40170 + 60469. Is h a composite number?
True
Let o(v) = v**2 + 11*v - 10. Let p be o(-12). Suppose l - p*l + 3 = 0. Suppose -z = -4*y - 215, -5*z + l*y + 425 = -3*z. Is z composite?
False
Suppose 2*s - 2 = 2. Suppose s*o = -5*y + 3*o + 2933, 8 = 4*o. Is y a prime number?
True
Let v = -10 - -25. Let h be ((-48)/v)/(1/(-5)). Is 10*(-2)/(h/(-44)) a composite number?
True
Let v(u) = -1. Let m(w) = -w**3 - w**2 - 48. Let c(j) = -m(j) + 3*v(j). Let s be c(0). Let t = 98 - s. Is t a composite number?
False
Let q(j) = j**2 + 8*j - 2. Let v be q(-8). Is 3/(1 - v) + 396 composite?
False
Let i(b) = b**2 + 29*b - 19. Is i(21) a prime number?
True
Let d be -26*3/12*-2. Suppose 5*a = -4*z + 1957, 3*z = -d + 7. Is a a composite number?
True
Let s be (-6)/9 - 69/(-9). Is 1394/3*(44/(-8) + s) a composite number?
True
Let t = -6414 - -9971. Is t a prime number?
True
Let d be -1*1 + 2 + 1. Suppose 0 = 27*u - 24*u - 7050. Suppose -2*x + 560 = d*s - 384, u = 5*x + 3*s. Is x a prime number?
True
Let j(s) = 29*s**2 - 10*s + 37. Is j(-8) composite?
False
Let l = 1719 - -1888. Is l a prime number?
True
Suppose 0 = -h + 7*y - 3*y + 79, y - 282 = -4*h. Suppose -p + 336 = -h. Is p prime?
False
Suppose 3*v - 5*p = 37738, -2*v + 62860 = 3*v - p. Is v prime?
False
Let h be (3 + 0 + -3)/1. Let n(v) = v**3 + v**2 - v + 2. Let q be n(h). Suppose -4*d = 2*c - 1422, -2*c = q*c - 2*d - 2794. Is c composite?
False
Suppose 13*z - 20 = 3*z. Suppose 0 = -4*q + z*v + 2262, -5*q + 2795 = 6*v - 2*v. Is q composite?
False
Is 256/(-576) + 207913/9 prime?
False
Let w(l) = -2*l**3 - 3*l**2 - 2*l - 5. Let p be w(-3). Let h = 223 + p. Is h prime?
True
Suppose -126*p = -135*p + 66699. Is p a prime number?
True
Let g(l) be the third derivative of -l**6/60 - l**5/30 - l**4/6 + l**3/6 + 10*l**2. Is g(-4) composite?
False
Let u = -12 + 27. Suppose -u = 8*k - 13*k. Suppose -y = -0*x - 2*x - 897, -2641 = -k*y - 4*x. Is y prime?
True
Suppose 9*u - 453 = 312. Suppose -4*n - u = -5*n. Is n a composite number?
True
Suppose 0 = 5*d - 3*o - 285937, -5*d - 5*o + 117926 = -167979. Is d a prime number?
False
Let q(k) = 12*k**2 + 5*k - 6. Let p be ((-64)/48)/((-4)/6). Let h be q(p). Suppose -11*a = -15*a + h. Is a prime?
True
Suppose 5*k + 3 = -z, -5*z - 15 = -4*k - k. Let i = 10 + -7. Is z - (1*-377 + i) composite?
True
Let o be (-1 - (-2)/(-2)) + 2/1. Suppose -5*y - 4*r + 584 + 651 = o, -4*r + 733 = 3*y. Is y a composite number?
False
Let q(d) = d**3 + 2*d**2 - 3*d + 4. Let k be q(-3). Suppose -11*l + 465 = k*l. Is l composite?
False
Let a(g) = 67*g**3 + 3*g**2 - 2*g + 11. Is a(6) prime?
False
Let f(i) = 19*i**3 - 14*i**3 - 4 + 3*i + i**2 - 44*i**3. Is f(-3) a composite number?
False
Let v(g) = -335*g - 94. Is v(-9) a composite number?
True
Suppose -2*k + 164 + 306 = 4*w, 3*w = 2*k + 335. Let z = w - -754. Is z a composite number?
True
Suppose 16*m + 5288 - 98200 = 0. Is m composite?
False
Let c(u) = -2*u + 3*u**2 + 9 + u**2 - 4*u - 3*u**2. Let t be c(5). Suppose d = 2*b - 133, -t*b + d + 261 = -2*d. Is b prime?
False
Suppose 6*b = -7*b + 243035. Is b prime?
False
Let a be 5/20*14*20/(-2). Let c = a - -90. Is c prime?
False
Let j be (-13 + 1)/(-4) + -